{"id":6,"date":"2024-01-21T18:34:05","date_gmt":"2024-01-21T18:34:05","guid":{"rendered":"https:\/\/kauk.lt\/?page_id=6"},"modified":"2024-01-31T20:28:12","modified_gmt":"2024-01-31T20:28:12","slug":"cart","status":"publish","type":"page","link":"https:\/\/kauk.lt\/?page_id=6","title":{"rendered":"Krep\u0161elis"},"content":{"rendered":"\n<div data-block-name=\"woocommerce\/cart\" class=\"wp-block-woocommerce-cart alignwide is-loading\">\n<div data-block-name=\"woocommerce\/filled-cart-block\" class=\"wp-block-woocommerce-filled-cart-block\">\n<div data-block-name=\"woocommerce\/cart-items-block\" class=\"wp-block-woocommerce-cart-items-block\">\n<div data-block-name=\"woocommerce\/cart-line-items-block\" class=\"wp-block-woocommerce-cart-line-items-block\"><\/div>\n\n\n\n<div data-block-name=\"woocommerce\/cart-cross-sells-block\" class=\"wp-block-woocommerce-cart-cross-sells-block\">\n<h2 class=\"wp-block-heading has-large-font-size\">You may be interested in\u2026<\/h2>\n\n\n\n<div data-block-name=\"woocommerce\/cart-cross-sells-products-block\" class=\"wp-block-woocommerce-cart-cross-sells-products-block\"><\/div>\n<\/div>\n<\/div>\n\n\n\n<div data-block-name=\"woocommerce\/cart-totals-block\" class=\"wp-block-woocommerce-cart-totals-block\">\n<div data-block-name=\"woocommerce\/cart-order-summary-block\" class=\"wp-block-woocommerce-cart-order-summary-block\">\n<div data-block-name=\"woocommerce\/cart-order-summary-heading-block\" class=\"wp-block-woocommerce-cart-order-summary-heading-block\"><\/div><div data-block-name=\"woocommerce\/cart-order-summary-coupon-form-block\" class=\"wp-block-woocommerce-cart-order-summary-coupon-form-block\"><\/div><div data-block-name=\"woocommerce\/cart-order-summary-totals-block\" class=\"wp-block-woocommerce-cart-order-summary-totals-block\">\n<div data-block-name=\"woocommerce\/cart-order-summary-subtotal-block\" class=\"wp-block-woocommerce-cart-order-summary-subtotal-block\"><\/div>\n<div data-block-name=\"woocommerce\/cart-order-summary-discount-block\" class=\"wp-block-woocommerce-cart-order-summary-discount-block\"><\/div>\n<div data-block-name=\"woocommerce\/cart-order-summary-fee-block\" class=\"wp-block-woocommerce-cart-order-summary-fee-block\"><\/div>\n<div data-block-name=\"woocommerce\/cart-order-summary-shipping-block\" class=\"wp-block-woocommerce-cart-order-summary-shipping-block\"><\/div>\n<div data-block-name=\"woocommerce\/cart-order-summary-taxes-block\" class=\"wp-block-woocommerce-cart-order-summary-taxes-block\"><\/div><\/div>\n<\/div>\n\n\n\n<div data-block-name=\"woocommerce\/cart-express-payment-block\" class=\"wp-block-woocommerce-cart-express-payment-block\"><\/div>\n\n\n\n<div data-block-name=\"woocommerce\/proceed-to-checkout-block\" class=\"wp-block-woocommerce-proceed-to-checkout-block\"><\/div>\n\n\n\n<div data-block-name=\"woocommerce\/cart-accepted-payment-methods-block\" class=\"wp-block-woocommerce-cart-accepted-payment-methods-block\"><\/div>\n<\/div>\n<\/div>\n\n\n\n<div data-block-name=\"woocommerce\/empty-cart-block\" class=\"wp-block-woocommerce-empty-cart-block\">\n<h2 class=\"wp-block-heading has-text-align-center with-empty-cart-icon wc-block-cart__empty-cart__title\">Your cart is currently empty!<\/h2>\n\n\n\n<hr class=\"wp-block-separator has-alpha-channel-opacity is-style-dots\"\/>\n\n\n\n<h2 class=\"wp-block-heading has-text-align-center\">New in store<\/h2>\n\n\n<div data-block-name=\"woocommerce\/product-new\" data-columns=\"4\" data-rows=\"1\" class=\"wc-block-grid wp-block-product-new wp-block-woocommerce-product-new wc-block-product-new has-4-columns\"><ul class=\"wc-block-grid__products\"><li class=\"wc-block-grid__product\">\n\t\t\t\t<a href=\"https:\/\/kauk.lt\/?product=prisikelimo-baznycia\" class=\"wc-block-grid__product-link\">\n\t\t\t\t\t\n\t\t\t\t\t<div class=\"wc-block-grid__product-image\"><img loading=\"lazy\" decoding=\"async\" width=\"540\" height=\"540\" src=\"https:\/\/kauk.lt\/wp-content\/uploads\/2024\/03\/Prisikelimas-Main-Square-540x540.jpeg\" class=\"attachment-woocommerce_thumbnail size-woocommerce_thumbnail\" alt=\"Prisik\u0117limo ba\u017eny\u010dia\" srcset=\"https:\/\/kauk.lt\/wp-content\/uploads\/2024\/03\/Prisikelimas-Main-Square-540x540.jpeg 540w, https:\/\/kauk.lt\/wp-content\/uploads\/2024\/03\/Prisikelimas-Main-Square-150x150.jpeg 150w, https:\/\/kauk.lt\/wp-content\/uploads\/2024\/03\/Prisikelimas-Main-Square-600x600.jpeg 600w, https:\/\/kauk.lt\/wp-content\/uploads\/2024\/03\/Prisikelimas-Main-Square-300x300.jpeg 300w, https:\/\/kauk.lt\/wp-content\/uploads\/2024\/03\/Prisikelimas-Main-Square-1024x1024.jpeg 1024w, https:\/\/kauk.lt\/wp-content\/uploads\/2024\/03\/Prisikelimas-Main-Square-768x768.jpeg 768w, https:\/\/kauk.lt\/wp-content\/uploads\/2024\/03\/Prisikelimas-Main-Square-12x12.jpeg 12w, https:\/\/kauk.lt\/wp-content\/uploads\/2024\/03\/Prisikelimas-Main-Square-50x50.jpeg 50w, https:\/\/kauk.lt\/wp-content\/uploads\/2024\/03\/Prisikelimas-Main-Square-100x100.jpeg 100w, https:\/\/kauk.lt\/wp-content\/uploads\/2024\/03\/Prisikelimas-Main-Square.jpeg 1200w\" sizes=\"auto, (max-width: 540px) 100vw, 540px\" \/><\/div>\n\t\t\t\t\t<div class=\"wc-block-grid__product-title\">Prisik\u0117limo ba\u017eny\u010dia<\/div>\n\t\t\t\t<\/a>\n\t\t\t\t<div class=\"wc-block-grid__product-price price\"><span class=\"woocommerce-Price-amount amount\" aria-hidden=\"true\">15,99&nbsp;<span class=\"woocommerce-Price-currencySymbol\">&euro;<\/span><\/span> <span aria-hidden=\"true\">&ndash;<\/span> <span class=\"woocommerce-Price-amount amount\" aria-hidden=\"true\">90,99&nbsp;<span class=\"woocommerce-Price-currencySymbol\">&euro;<\/span><\/span><span class=\"screen-reader-text\">Price range: 15,99&nbsp;&euro; through 90,99&nbsp;&euro;<\/span><\/div>\n\t\t\t\t\n\t\t\t\t<div class=\"wp-block-button wc-block-grid__product-add-to-cart\"><a href=\"https:\/\/kauk.lt\/?product=prisikelimo-baznycia\" aria-label=\"Rinktis: \u201cPrisik\u0117limo ba\u017eny\u010dia\u201d\" data-quantity=\"1\" data-product_id=\"244\" data-product_sku=\"\" data-price=\"15.99\" rel=\"nofollow\" class=\"wp-block-button__link wp-element-button add_to_cart_button\">Rinktis<\/a><\/div>\n\t\t\t<\/li><li class=\"wc-block-grid__product\">\n\t\t\t\t<a href=\"https:\/\/kauk.lt\/?product=lietuvos-reljefinis-zemelapis\" class=\"wc-block-grid__product-link\">\n\t\t\t\t\t\n\t\t\t\t\t<div class=\"wc-block-grid__product-image\"><img loading=\"lazy\" decoding=\"async\" width=\"540\" height=\"540\" src=\"https:\/\/kauk.lt\/wp-content\/uploads\/2024\/02\/Lietuvos-Reljefas-Studio-4-e1707757855153-540x540.jpeg\" class=\"attachment-woocommerce_thumbnail size-woocommerce_thumbnail\" alt=\"Lietuvos reljefinis \u017eem\u0117lapis\" srcset=\"https:\/\/kauk.lt\/wp-content\/uploads\/2024\/02\/Lietuvos-Reljefas-Studio-4-e1707757855153-540x540.jpeg 540w, https:\/\/kauk.lt\/wp-content\/uploads\/2024\/02\/Lietuvos-Reljefas-Studio-4-e1707757855153-150x150.jpeg 150w, https:\/\/kauk.lt\/wp-content\/uploads\/2024\/02\/Lietuvos-Reljefas-Studio-4-e1707757855153-600x600.jpeg 600w, https:\/\/kauk.lt\/wp-content\/uploads\/2024\/02\/Lietuvos-Reljefas-Studio-4-e1707757855153-300x300.jpeg 300w, https:\/\/kauk.lt\/wp-content\/uploads\/2024\/02\/Lietuvos-Reljefas-Studio-4-e1707757855153-1024x1024.jpeg 1024w, https:\/\/kauk.lt\/wp-content\/uploads\/2024\/02\/Lietuvos-Reljefas-Studio-4-e1707757855153-768x768.jpeg 768w, https:\/\/kauk.lt\/wp-content\/uploads\/2024\/02\/Lietuvos-Reljefas-Studio-4-e1707757855153-12x12.jpeg 12w, https:\/\/kauk.lt\/wp-content\/uploads\/2024\/02\/Lietuvos-Reljefas-Studio-4-e1707757855153.jpeg 1200w\" sizes=\"auto, (max-width: 540px) 100vw, 540px\" \/><\/div>\n\t\t\t\t\t<div class=\"wc-block-grid__product-title\">Lietuvos reljefinis \u017eem\u0117lapis<\/div>\n\t\t\t\t<\/a>\n\t\t\t\t<div class=\"wc-block-grid__product-price price\"><span class=\"woocommerce-Price-amount amount\" aria-hidden=\"true\">14,99&nbsp;<span class=\"woocommerce-Price-currencySymbol\">&euro;<\/span><\/span> <span aria-hidden=\"true\">&ndash;<\/span> <span class=\"woocommerce-Price-amount amount\" aria-hidden=\"true\">54,99&nbsp;<span class=\"woocommerce-Price-currencySymbol\">&euro;<\/span><\/span><span class=\"screen-reader-text\">Price range: 14,99&nbsp;&euro; through 54,99&nbsp;&euro;<\/span><\/div>\n\t\t\t\t\n\t\t\t\t<div class=\"wp-block-button wc-block-grid__product-add-to-cart\"><a href=\"https:\/\/kauk.lt\/?product=lietuvos-reljefinis-zemelapis\" aria-label=\"Rinktis: \u201cLietuvos reljefinis \u017eem\u0117lapis\u201d\" data-quantity=\"1\" data-product_id=\"222\" data-product_sku=\"\" data-price=\"14.99\" rel=\"nofollow\" class=\"wp-block-button__link wp-element-button add_to_cart_button\">Rinktis<\/a><\/div>\n\t\t\t<\/li><li class=\"wc-block-grid__product\">\n\t\t\t\t<a href=\"https:\/\/kauk.lt\/?product=donelaicio-g-19-lapeliu-laikiklis\" class=\"wc-block-grid__product-link\">\n\t\t\t\t\t\n\t\t\t\t\t<div class=\"wc-block-grid__product-image\"><img loading=\"lazy\" decoding=\"async\" width=\"540\" height=\"540\" src=\"https:\/\/kauk.lt\/wp-content\/uploads\/2024\/01\/Donelaicio-Notes-2-e1706816073706-540x540.jpeg\" class=\"attachment-woocommerce_thumbnail size-woocommerce_thumbnail\" alt=\"Donelai\u010dio g. 19 - Lapeli\u0173 laikiklis\" srcset=\"https:\/\/kauk.lt\/wp-content\/uploads\/2024\/01\/Donelaicio-Notes-2-e1706816073706-540x540.jpeg 540w, https:\/\/kauk.lt\/wp-content\/uploads\/2024\/01\/Donelaicio-Notes-2-e1706816073706-150x150.jpeg 150w, https:\/\/kauk.lt\/wp-content\/uploads\/2024\/01\/Donelaicio-Notes-2-e1706816073706-600x600.jpeg 600w, https:\/\/kauk.lt\/wp-content\/uploads\/2024\/01\/Donelaicio-Notes-2-e1706816073706-300x300.jpeg 300w, https:\/\/kauk.lt\/wp-content\/uploads\/2024\/01\/Donelaicio-Notes-2-e1706816073706-1024x1024.jpeg 1024w, https:\/\/kauk.lt\/wp-content\/uploads\/2024\/01\/Donelaicio-Notes-2-e1706816073706-768x768.jpeg 768w, https:\/\/kauk.lt\/wp-content\/uploads\/2024\/01\/Donelaicio-Notes-2-e1706816073706-12x12.jpeg 12w, https:\/\/kauk.lt\/wp-content\/uploads\/2024\/01\/Donelaicio-Notes-2-e1706816073706.jpeg 1200w\" sizes=\"auto, (max-width: 540px) 100vw, 540px\" \/><\/div>\n\t\t\t\t\t<div class=\"wc-block-grid__product-title\">Donelai\u010dio g. 19 &#8211; Lapeli\u0173 laikiklis<\/div>\n\t\t\t\t<\/a>\n\t\t\t\t<div class=\"wc-block-grid__product-price price\"><span class=\"woocommerce-Price-amount amount\" aria-hidden=\"true\">17,99&nbsp;<span class=\"woocommerce-Price-currencySymbol\">&euro;<\/span><\/span> <span aria-hidden=\"true\">&ndash;<\/span> <span class=\"woocommerce-Price-amount amount\" aria-hidden=\"true\">23,99&nbsp;<span class=\"woocommerce-Price-currencySymbol\">&euro;<\/span><\/span><span class=\"screen-reader-text\">Price range: 17,99&nbsp;&euro; through 23,99&nbsp;&euro;<\/span><\/div>\n\t\t\t\t\n\t\t\t\t<div class=\"wp-block-button wc-block-grid__product-add-to-cart\"><a href=\"https:\/\/kauk.lt\/?product=donelaicio-g-19-lapeliu-laikiklis\" aria-label=\"Rinktis: \u201cDonelai\u010dio g. 19 - Lapeli\u0173 laikiklis\u201d\" data-quantity=\"1\" data-product_id=\"109\" data-product_sku=\"\" data-price=\"17.99\" rel=\"nofollow\" class=\"wp-block-button__link wp-element-button add_to_cart_button\">Rinktis<\/a><\/div>\n\t\t\t<\/li><li class=\"wc-block-grid__product\">\n\t\t\t\t<a href=\"https:\/\/kauk.lt\/?product=donelaicio-g-19\" class=\"wc-block-grid__product-link\">\n\t\t\t\t\t\n\t\t\t\t\t<div class=\"wc-block-grid__product-image\"><img loading=\"lazy\" decoding=\"async\" width=\"540\" height=\"540\" src=\"https:\/\/kauk.lt\/wp-content\/uploads\/2024\/01\/Donelaicio-2-e1706816131216-540x540.jpeg\" class=\"attachment-woocommerce_thumbnail size-woocommerce_thumbnail\" alt=\"Donelai\u010dio g. 19\" srcset=\"https:\/\/kauk.lt\/wp-content\/uploads\/2024\/01\/Donelaicio-2-e1706816131216-540x540.jpeg 540w, https:\/\/kauk.lt\/wp-content\/uploads\/2024\/01\/Donelaicio-2-e1706816131216-150x150.jpeg 150w, https:\/\/kauk.lt\/wp-content\/uploads\/2024\/01\/Donelaicio-2-e1706816131216-600x600.jpeg 600w, https:\/\/kauk.lt\/wp-content\/uploads\/2024\/01\/Donelaicio-2-e1706816131216-300x300.jpeg 300w, https:\/\/kauk.lt\/wp-content\/uploads\/2024\/01\/Donelaicio-2-e1706816131216-1024x1024.jpeg 1024w, https:\/\/kauk.lt\/wp-content\/uploads\/2024\/01\/Donelaicio-2-e1706816131216-768x768.jpeg 768w, https:\/\/kauk.lt\/wp-content\/uploads\/2024\/01\/Donelaicio-2-e1706816131216-12x12.jpeg 12w, https:\/\/kauk.lt\/wp-content\/uploads\/2024\/01\/Donelaicio-2-e1706816131216.jpeg 1200w\" sizes=\"auto, (max-width: 540px) 100vw, 540px\" \/><\/div>\n\t\t\t\t\t<div class=\"wc-block-grid__product-title\">Donelai\u010dio g. 19<\/div>\n\t\t\t\t<\/a>\n\t\t\t\t<div class=\"wc-block-grid__product-price price\"><span class=\"woocommerce-Price-amount amount\" aria-hidden=\"true\">12,99&nbsp;<span class=\"woocommerce-Price-currencySymbol\">&euro;<\/span><\/span> <span aria-hidden=\"true\">&ndash;<\/span> <span class=\"woocommerce-Price-amount amount\" aria-hidden=\"true\">65,99&nbsp;<span class=\"woocommerce-Price-currencySymbol\">&euro;<\/span><\/span><span class=\"screen-reader-text\">Price range: 12,99&nbsp;&euro; through 65,99&nbsp;&euro;<\/span><\/div>\n\t\t\t\t\n\t\t\t\t<div class=\"wp-block-button wc-block-grid__product-add-to-cart\"><a href=\"https:\/\/kauk.lt\/?product=donelaicio-g-19\" aria-label=\"Rinktis: \u201cDonelai\u010dio g. 19\u201d\" data-quantity=\"1\" data-product_id=\"95\" data-product_sku=\"\" data-price=\"12.99\" rel=\"nofollow\" class=\"wp-block-button__link wp-element-button add_to_cart_button\">Rinktis<\/a><\/div>\n\t\t\t<\/li><\/ul><\/div><\/div>\n<\/div>\n","protected":false},"excerpt":{"rendered":"","protected":false},"author":1,"featured_media":0,"parent":0,"menu_order":0,"comment_status":"closed","ping_status":"closed","template":"","meta":{"_themeisle_gutenberg_block_has_review":false,"footnotes":""},"class_list":["post-6","page","type-page","status-publish","hentry"],"aioseo_notices":[],"jetpack_sharing_enabled":true,"_links":{"self":[{"href":"https:\/\/kauk.lt\/index.php?rest_route=\/wp\/v2\/pages\/6","targetHints":{"allow":["GET"]}}],"collection":[{"href":"https:\/\/kauk.lt\/index.php?rest_route=\/wp\/v2\/pages"}],"about":[{"href":"https:\/\/kauk.lt\/index.php?rest_route=\/wp\/v2\/types\/page"}],"author":[{"embeddable":true,"href":"https:\/\/kauk.lt\/index.php?rest_route=\/wp\/v2\/users\/1"}],"replies":[{"embeddable":true,"href":"https:\/\/kauk.lt\/index.php?rest_route=%2Fwp%2Fv2%2Fcomments&post=6"}],"version-history":[{"count":1,"href":"https:\/\/kauk.lt\/index.php?rest_route=\/wp\/v2\/pages\/6\/revisions"}],"predecessor-version":[{"id":142,"href":"https:\/\/kauk.lt\/index.php?rest_route=\/wp\/v2\/pages\/6\/revisions\/142"}],"wp:attachment":[{"href":"https:\/\/kauk.lt\/index.php?rest_route=%2Fwp%2Fv2%2Fmedia&parent=6"}],"curies":[{"name":"wp","href":"https:\/\/api.w.org\/{rel}","templated":true}]}}